{"id":2,"date":"2021-08-20T00:54:18","date_gmt":"2021-08-20T00:54:18","guid":{"rendered":"https:\/\/capacitaciononline.es\/?page_id=2"},"modified":"2022-02-06T00:30:35","modified_gmt":"2022-02-06T00:30:35","slug":"sample-page","status":"publish","type":"page","link":"https:\/\/capacitaciononline.es\/index.php\/sample-page\/","title":{"rendered":"Sample Page"},"content":{"rendered":"\n<figure class=\"wp-block-pullquote\"><blockquote><p><strong><em>Soporte profesional sobre herramientas de resoluci\u00f3n de problemas<\/em><\/strong>. Aplicaci\u00f3n r\u00e1pida y efectiva: Algunos temas sobre los que hemos trabajado son:  Supply Chain, mejora de profit, optimizaci\u00f3n de Inventarios, aumento de ventas y otros relacionados con la manufactura y comercializaci\u00f3n de productos y servicios<\/p><\/blockquote><\/figure>\n\n\n\n<blockquote class=\"wp-block-quote is-layout-flow wp-block-quote-is-layout-flow\"><p>Hi there! I&#8217;m a bike messenger by day, aspiring actor by night, and this is my website. I live in Los Angeles, have a great dog named Jack, and I like pi\u00f1a coladas. (And gettin&#8217; caught in the rain.)<\/p><\/blockquote>\n\n\n\n<p>&#8230;or something like this:<\/p>\n\n\n\n<blockquote class=\"wp-block-quote is-layout-flow wp-block-quote-is-layout-flow\"><p>The XYZ Doohickey Company was founded in 1971, and has been providing quality doohickeys to the public ever since. Located in Gotham City, XYZ employs over 2,000 people and does all kinds of awesome things for the Gotham community.<\/p><\/blockquote>\n\n\n\n<p>As a new WordPress user, you should go to <a href=\"https:\/\/capacitaciononline.es\/wp-admin\/\">your dashboard<\/a> to delete this page and create new pages for your content. Have fun!<\/p>\n","protected":false},"excerpt":{"rendered":"<p>Soporte profesional sobre herramientas de resoluci\u00f3n de problemas. Aplicaci\u00f3n r\u00e1pida y efectiva: Algunos temas sobre los que hemos trabajado son: Supply Chain, mejora de profit, optimizaci\u00f3n de Inventarios, aumento de ventas y otros relacionados con la manufactura y comercializaci\u00f3n de productos y servicios Hi there! I&#8217;m a bike messenger by day, aspiring actor by night, [&hellip;]<\/p>\n","protected":false},"author":1,"featured_media":0,"parent":0,"menu_order":0,"comment_status":"closed","ping_status":"closed","template":"","meta":{"footnotes":""},"class_list":["post-2","page","type-page","status-publish","hentry"],"_links":{"self":[{"href":"https:\/\/capacitaciononline.es\/index.php\/wp-json\/wp\/v2\/pages\/2","targetHints":{"allow":["GET"]}}],"collection":[{"href":"https:\/\/capacitaciononline.es\/index.php\/wp-json\/wp\/v2\/pages"}],"about":[{"href":"https:\/\/capacitaciononline.es\/index.php\/wp-json\/wp\/v2\/types\/page"}],"author":[{"embeddable":true,"href":"https:\/\/capacitaciononline.es\/index.php\/wp-json\/wp\/v2\/users\/1"}],"replies":[{"embeddable":true,"href":"https:\/\/capacitaciononline.es\/index.php\/wp-json\/wp\/v2\/comments?post=2"}],"version-history":[{"count":1,"href":"https:\/\/capacitaciononline.es\/index.php\/wp-json\/wp\/v2\/pages\/2\/revisions"}],"predecessor-version":[{"id":38,"href":"https:\/\/capacitaciononline.es\/index.php\/wp-json\/wp\/v2\/pages\/2\/revisions\/38"}],"wp:attachment":[{"href":"https:\/\/capacitaciononline.es\/index.php\/wp-json\/wp\/v2\/media?parent=2"}],"curies":[{"name":"wp","href":"https:\/\/api.w.org\/{rel}","templated":true}]}}